ppose 2*k + 0 = -h + 1, 17 = -q*h + k. List the prime factors of (-3124)/(-26) + h + 259/91.
2, 3, 5
List the prime factors of 8/(-32)*4*-923.
13, 71
Let p(n) = 3*n + 32. Let d be p(0). Suppose d = -o - 8. List the prime factors of 2/((-8)/(-647)) + (-10)/o.
2, 3
List the prime factors of (5326/44 + 30/(-55))*12.
2, 3, 241
Suppose 39*v = 46*v - 889. Suppose 4*j - 518 = 2*n, 4*j + v = 5*j - n. List the prime factors of j.
2, 3, 11
Suppose -18 = -9*n + 18. Suppose -3*a - 5 - 1 = 0, 2*x - 3*a = -818. What are the prime factors of 2 - 0 - x/n?
3, 5, 7
Let b = 57123 - 47452. List the prime factors of b.
19, 509
Suppose 10*a + 7912 = -5378. Let v = a - -2393. What are the prime factors of v?
2, 7, 19
Let o be (2/(-3))/((-7)/21). Suppose 0 = o*v - 5*v + 3*b + 534, -2*v + 356 = 2*b. Suppose v = c + c. List the prime factors of c.
89
Let v = 224 + -206. Let u(r) = -r**2 + 2*r - 1. Let x be u(9). Let s = v - x. What are the prime factors of s?
2, 41
Let b(y) = y**3 + 12*y**2 - 3. Let w be b(-12). Let n(k) = -33*k**3 + 4*k**2 + 4*k + 5. Let m be n(w). Suppose m = 5*t + 3*t. List the prime factors of t.
5, 23
Suppose 5*m + 1 = 6, 4*h - m - 187 = 0. Suppose -3 = -2*w + 7. Suppose -w*r = -262 + h. List the prime factors of r.
43
Suppose -x + 3*v = -0*x + 8, 0 = 5*v. Let h(t) be the third derivative of t**5/20 - 3*t**4/8 - 5*t**3/3 - 13*t**2 + 2*t. What are the prime factors of h(x)?
2, 127
List the prime factors of 104 + 20810 + 2 + 1 + 0.
13, 1609
Let z(k) be the third derivative of k**5/30 - k**4/24 + 14*k**3/3 - 9*k**2. Let l be z(-14). Let a = -301 + l. What are the prime factors of a?
7, 19
Let x(w) = -6*w - 8. Suppose -3*k + 0*k = 66. Let t be x(k). Suppose 2*f = z - 3*z + 62, 0 = 4*f - 4*z - t. What are the prime factors of f?
31
Let b(n) = -211*n + 725. What are the prime factors of b(-70)?
3, 5, 1033
Suppose -8 = a - 3*n, -6*n = 5*a - 3*n - 32. Suppose -4*f - 5*p + 1544 = -a*p, f = -2*p + 393. List the prime factors of f.
5, 7, 11
Let r be 138 - (-7 + -13 + 32). Suppose 7 = -3*g - 4*z, 4*g = 4*z + 15 + 13. Suppose 2*n = -2*n + g*c + r, -2*c = 3*n - 103. What are the prime factors of n?
3, 11
Let x = 12334 - 1879. What are the prime factors of x?
3, 5, 17, 41
Let j = 31056 + 7161. List the prime factors of j.
3, 12739
Suppose 2*w + 23 = 27. Suppose -3*o = -6*x + 2*x - 134, -182 = -4*o + 2*x. Suppose -t - 168 = -p - o, w*t = -p + 122. List the prime factors of p.
2, 61
Suppose -x = 2*g + 203, -g - 4*x = 3*g + 408. Let j = 27 - g. Let i = j - 50. List the prime factors of i.
2, 3, 13
Suppose 4*q - 344724 = 3*c, -4*q - 82687 = 3*c - 427363. What are the prime factors of q?
3, 5, 383
Suppose 0*u - 2*u = -2, 4*l = -3*u + 63. Suppose -l*i = -18*i. Let d = i + 36. What are the prime factors of d?
2, 3
Let m = 7345 + -3511. List the prime factors of m.
2, 3, 71
Suppose -34*m + 5*m + 232 = 0. Suppose -m*b + 1476 = -2884. What are the prime factors of b?
5, 109
Let t(x) = x**3 + 14*x**2 - 3*x + 4. Suppose -w + 10 - 6 = 0. Let v be ((-39)/(-6))/((-2)/w). What are the prime factors of t(v)?
2, 53
Let h = 154 - 76. Suppose -l = 4*u - h, 2*u - 4 = -0. What are the prime factors of l?
2, 5, 7
Let w(v) = v**3 - 16*v**2 + 37*v + 27. Let y be w(17). Suppose -y = 13*o - 3961. List the prime factors of o.
2, 29
Let x(f) = 2*f**2 - 6*f + 0*f - 1 - f - f + 2*f. Suppose -4*b - 9 - 11 = 0. List the prime factors of x(b).
79
Suppose x = -6*x - 182. What are the prime factors of (-6591)/x*6/9?
13
Let c be (2744/12)/(((-8)/3)/4). Let a = c + 711. What are the prime factors of a?
2, 23
Let q(w) = 3*w**2 + 8*w + 1. Suppose -2*l + 32 - 28 = 0. Let x be l/(-4 - (-15)/4). What are the prime factors of q(x)?
3, 43
Suppose 22 = 2*h - 3*h. Let t = h - -27. Suppose 2*q - 224 = -2*l, -t*q + 143 = l + 15. List the prime factors of l.
2, 3
Suppose -5*v + 6*v + 5*h = 3395, 2*v + h - 6745 = 0. Suppose -2*d + v = 2*k, -34*d + 4*k + 3382 = -32*d. What are the prime factors of d?
7, 241
Let w be 86716/77 - (-2)/(-22)*2. Let p = w + -371. What are the prime factors of p?
5, 151
Let p(x) = -38*x - 13. Let o be p(11). Let g = o + 213. Let v = g - -372. List the prime factors of v.
2, 7, 11
Suppose -65 = 3*k - 8*k. Suppose -k*o - 5*o - 288 = 0. List the prime factors of (366/8)/((-12)/o).
61
Suppose -4*c = 3*t - 16, -3*t + 11 - 27 = -4*c. Suppose 2*v + 74 = 5*p + 85, -5*v = -p - 16. List the prime factors of t + p + 101 + (3 - 6).
97
Let c(q) = -q**2 + 79*q - 10. Let n be c(26). Suppose -12*u = -4*u - n. What are the prime factors of u?
3, 19
Let c(b) = -272*b - 232. Let m(h) = 13*h + 11. Let q = -74 + 10. Let g(v) = q*m(v) - 3*c(v). List the prime factors of g(-6).
2, 11
Let u be 0 + (-54)/(3 - 0). Suppose -2 = -2*z - 46. Let b = u - z. List the prime factors of b.
2
Let j(v) = -1605*v + 7007. What are the prime factors of j(-18)?
35897
Suppose -78 = 2*q - 5*s + 634, -q - 354 = -2*s. Let d = -62 - q. List the prime factors of d.
2, 71
Suppose z - 2*w = -0*w + 3542, -4*z + w + 14147 = 0. What are the prime factors of (-1)/5 + z/5?
7, 101
Suppose 0 = -3*p + 3*n - 12, -n - 3*n + 2 = 3*p. Let b be (138/(-9))/(p/15). Let k = 209 - b. List the prime factors of k.
2, 47
Suppose -5*r - 50 = -15*r. Suppose -r*g = -2*g + 6. What are the prime factors of g/11 - 18494/(-77)?
2, 3, 5
Let c = -95 - -176. Let m = 84 - c. Suppose -2*g - 11 = -3, 2*g = m*r - 389. What are the prime factors of r?
127
Let b(g) = -g + 75. Let x be b(27). Suppose 7*o = x*o - 574. List the prime factors of o.
2, 7
Let t(f) = -f**3 - 110*f**2 + 297*f - 417. What are the prime factors of t(-114)?
3, 5903
List the prime factors of (-8*(-207613)/38)/2.
2, 7, 223
Let q = 1988 - 1061. Let j = q + 343. What are the prime factors of j?
2, 5, 127
Suppose 3*v + 7*c = 103297, 200*v - 2*c = 198*v + 68918. List the prime factors of v.
47, 733
Suppose -5*h + 3*h = 4, -3 = c + 3*h. Let i(s) = 5*s**2 - 8*s - 4. Let v be i(c). List the prime factors of (1 - -6)*(v + -10).
7
Let m = 81 + 77. Suppose 1144 = 14*n - m. Let i = -85 + n. What are the prime factors of i?
2
Suppose -3*b = 8 - 17. Suppose 0 = -2*x + z + 1239, -b*z + 1842 = 4*x - 641. What are the prime factors of x?
2, 5, 31
Suppose 7*i - 42 = 28. Suppose -i*o + 24 = -2*o. Suppose -g = o*q, -4*g = -g + q - 24. What are the prime factors of g?
3
Suppose -391833 = -127*t - 26*t. What are the prime factors of t?
13, 197
Let p be 401*(1 + -2) + (-2 - 2). Let h = 644 + p. List the prime factors of h.
239
What are the prime factors of 8 + 50055 + (3 - -20)?
2, 79, 317
List the prime factors of ((-24144)/30 - 6)*(-6 - 19).
2, 5, 2027
Suppose 0 = -82*g + 22459 - 893. What are the prime factors of g?
263
Let w = 24581 - 10394. List the prime factors of w.
3, 4729
Suppose 2*u - 5*v = 1411, 3*u + v - 1981 = 144. Let j = u + -362. List the prime factors of j.
2, 173
Suppose 2 = 2*s + 3*q, 2*s - 5*q = 3*s + 6. Suppose -12*k = -s*k - 1120. List the prime factors of k.
2, 5, 7
Let u be ((-8)/(-10))/(5/(100/8)). Let o be 4*u/(-12)*-9. Suppose -o*b = -9*b + 57. List the prime factors of b.
19
Suppose -247*x = -244*x - 27. Let b = 51 + 31. Let o = b + x. List the prime factors of o.
7, 13
Let g be (-5)/((-45)/142) + (-4)/(-18). Let c be (3 - 1) + -1 - g. List the prime factors of 193 - (c - -3)/(-4).
2, 5, 19
Suppose -197*z + 205*z - 1584 = 0. Suppose -170 - z = -b. What are the prime factors of b?
2, 23
Let m be 14076/23 + 0/(1 + -2). Let n = m - 212. Suppose -2*y = 3*y + 10, n = 4*r - 2*y. What are the prime factors of r?
3, 11
Let w(f) = 13*f + 9 + 15*f + 11*f - 41*f. Let g be w(3). Suppose g*t + 243 = 6*t. List the prime factors of t.
3
Let l = -11 - 480. Let s = -39 - l. What are the prime factors of s?
2, 113
Let t be 232 - 35 - 0/(-2). Let y = t + -122. What are the prime factors of y?
3, 5
Let n = 28 + -46. Let h(a) = -11*a - 2. Let d(l) = -52*l + 7. Let r(c) = -d(c) + 5*h(c). What are the prime factors of r(n)?
37
Suppose 12*h - 46632 = 49980. What are the prime factors of h?
83, 97
Suppose -12 = -2*l - 2. Suppose 4*z - 2*a = -0*a + 86, -l = 5*a. List the prime factors of z/14 - 5/(-2).
2
Suppose 2*k = -5*z - 32, -128*z - 4*k = -130*z - 8. Let a(f) = -2*f + 2 + 24 - 3*f. What are the prime factors of a(z)?
2, 7
Suppose 108*p = 307*p + 118*p - 14929115. List the prime factors of p.
5, 9419
What ar